is divided by i(b).
11
Suppose 0 = 2*c - 138 - 40. What is the remainder when 619 is divided by c?
85
What is the remainder when 166 is divided by (204/(-32)*-4)/((-3)/(-6))?
13
Let r(p) = -p**3 + 10*p**2 + 7. Let j = 12 - 14. Let b(i) = -i**2 - 5*i - 2. Calculate the remainder when r(10) is divided by b(j).
3
Let t = 416 + -233. Calculate the remainder when t is divided by 46.
45
Let z(o) = -4*o + 2. Calculate the remainder when z(-10) is divided by 15.
12
What is the remainder when 1/(-2) + 14/(-224)*-15992 is divided by 13?
11
Suppose -g + 6*g + 200 = 5*o, -o + 28 = 2*g. What is the remainder when 214 is divided by o?
34
Suppose 45*d = 53*d - 592. What is the remainder when d is divided by 28?
18
Let y = -27 - -17. What is the remainder when 40 is divided by (y - 5)/(-1) + -1?
12
Let m(i) = 2*i - 1. Let p = 0 - -6. What is the remainder when 29 - 5/((-15)/6) is divided by m(p)?
9
Calculate the remainder when 54 is divided by (-10)/(-5) + (-6 - -12).
6
Suppose 5*p - v = 419, -51*p - 2*v + 158 = -49*p. What is the remainder when p is divided by 56?
27
Let a = -131 - -135. Calculate the remainder when a is divided by 2/(-6)*-1*3.
0
Let f(q) = q**2 + 19*q - 32. Calculate the remainder when f(12) is divided by 43.
39
Let h = 7 + -15. Let f(s) = 0*s - 3*s + 3*s + 19 + s. Calculate the remainder when f(h) is divided by 6.
5
Let l = -1735 + 1761. Suppose -4*s + 3*b = -317, s - 18 = 3*b + 68. What is the remainder when s is divided by l?
25
Calculate the remainder when 372 is divided by (-3)/2 - ((-238)/28 + -4).
9
Let v = 13 + -5. Suppose -2*n + n = -v. Calculate the remainder when n is divided by (0 + (-3 - 3))/(-1 - 1).
2
Let k(s) = 6*s**2 - 3*s - 2. Calculate the remainder when 3 + 1 - (-84 - (-23 - -8)) is divided by k(-2).
17
Suppose -5*a + 25 = 5*h, -3*h - h + 3*a + 20 = 0. Let k(q) = -q + 19. What is the remainder when h is divided by k(15)?
1
Let z(j) = -2*j**2 - 6*j + 5. Let l be z(-5). Let t be l/(-10)*(-4)/3. What is the remainder when 69 is divided by (32/12)/(t/(-18))?
21
Let y(p) = 205*p**2 - p. Suppose -443 = -35*z - 19*z + 259. What is the remainder when y(-1) is divided by z?
11
Calculate the remainder when 201 is divided by 510/17 + 8 + -3 + 1.
21
Suppose -3 = -a + 5. Suppose 0 = 5*q + 3*o - 8, 5*q - 84 = -2*o - 72. Calculate the remainder when a is divided by q.
0
Let h(z) = 4*z**2 - 2*z - 2. Let r(i) = i**3 - 5*i**2 - 2*i + 6. Let k be r(6). Let j = k - 20. What is the remainder when h(-2) is divided by j?
8
Suppose 13*x = 10*x + 3. Calculate the remainder when x/1 + 66/(5 - 2) is divided by 8.
7
Calculate the remainder when 159 is divided by (1/5)/(10/3950).
1
Let i(a) = -579*a + 146. What is the remainder when i(-1) is divided by 43?
37
Let w(z) = 6*z**3 - 2*z**2 - z + 2. Let c be w(2). Let p = c + -13. Let q(a) = 81*a**2 + 2*a + 1. Calculate the remainder when q(-1) is divided by p.
26
Let a(y) = -234*y. Calculate the remainder when a(-1) is divided by 47.
46
Let r(c) = 50*c - 3. Calculate the remainder when 385 is divided by r(2).
94
Calculate the remainder when ((-10)/(-50) - (-234)/(-20))*-4 is divided by (-854)/(-34) - (-6)/(-51).
21
Suppose -4*v - 3*p = -146, 0 = -3*p + 4*p + 2. What is the remainder when 75 is divided by v?
37
Let z(d) = 2*d**2 + 2*d - 34. What is the remainder when z(-14) is divided by 84?
78
Let k(w) = 2*w - 1. Let u be k(-4). Let f(m) = m - 1. Let b(y) = y - 6. Let x(j) = b(j) - 2*f(j). Calculate the remainder when x(u) is divided by 2.
1
What is the remainder when 38*28/(-16)*154/(-49) is divided by 21?
20
Let d(t) = -t**2 - 14*t - 11. Let u be d(-13). Suppose 3*a = 2*i + 39, -u*a + 0*a + 5*i + 37 = 0. What is the remainder when 21 is divided by a?
10
What is the remainder when 5*2/5 - -66 is divided by 32?
4
Let a = 19 - 15. Let o(i) = 5*i**2 - 6*i + 9. Calculate the remainder when o(a) is divided by 22.
21
Let u(p) = 12*p - 34. Let o be u(-6). Let w = 34 - o. What is the remainder when w is divided by 47?
46
What is the remainder when 131 is divided by 12/(-30)*30/(-2)?
5
Let n(c) be the third derivative of -5*c**4/24 - 3*c**3/2 + 5*c**2. Let p be n(-5). What is the remainder when (-21)/(-2) - 8/p is divided by 6?
4
Let h be ((-1)/2)/((-1)/36). Let l(u) = -u + 21. Let x be l(h). Suppose -w + x*w - 22 = 0. What is the remainder when 21 is divided by w?
10
Let d(u) = -11*u**2 + 4*u - 2. Let g = 6 - 7. Let p(r) = r**2 - r. Let s(h) = g*d(h) - 5*p(h). Calculate the remainder when s(-3) is divided by 18.
17
What is the remainder when (203 - 24)/((-1)/(-5)) is divided by 128?
127
Suppose -34*g + 38*g - 16 = 0. Suppose -61 = -g*i + 35. Calculate the remainder when 143 is divided by i.
23
Let p(x) = x**3 - 14*x**2 + 11*x + 28. Let h be p(13). What is the remainder when 3/h - 1890/(-20) is divided by 25?
21
Let u = -67 - -69. Suppose -198 = -9*o - u*o. Calculate the remainder when 28 is divided by o.
10
Suppose 5*x - 1190 - 100 = 0. What is the remainder when x is divided by 37?
36
Let z be 1 - 309/(-15) - 6/(-15). Suppose 2*q = -0*r + 2*r + z, 4*r - 31 = -q. What is the remainder when q is divided by 3?
0
Suppose -30*z + 29*z + 3*q = 21, 5*q - 20 = 0. Suppose 8 = -4*f + 4*v, -v + 34 = -5*f - 2*v. What is the remainder when z/f*42/3 is divided by 6?
3
Suppose -2*c + 7*c = 20. Suppose -3*v - x = -36, -5*v + 36 = -2*v - c*x. What is the remainder when 35 is divided by v?
11
Let w(s) be the second derivative of 4*s**3/3 - 9*s**2/2 - 4*s. What is the remainder when 91 is divided by w(5)?
29
Let n be (-30)/(8/(-18)*15/(-10)). What is the remainder when 99*(-6)/n*(-10)/(-4) is divided by 7?
5
Suppose 0 = 41*d - 11312 + 2251. Calculate the remainder when d is divided by 14.
11
Suppose 197 = 4*c + 53. Suppose -2*m + 5*h = -c, h + 2 + 0 = 0. Suppose 39*p - 37*p = v - 34, 4*p + 212 = 5*v. Calculate the remainder when v is divided by m.
9
Suppose 9 = 5*a - 3*k - 365, 68 = a - 4*k. Let n be a/57 + (-4)/(-6). Suppose 0 = 3*l + n*l - 80. What is the remainder when 46 is divided by l?
14
Suppose 5*o - 275 = -q + 6*o, 0 = 3*q + 3*o - 855. What is the remainder when q is divided by 19?
14
Let p(k) be the third derivative of 2*k**5/5 - 5*k**4/24 + 2*k**3/3 - 16*k**2. What is the remainder when 87 is divided by p(1)?
18
Suppose -2*i + 27 = i. Suppose -2*p + 0*m - 2*m = -62, 3*m = -2*p + 66. What is the remainder when p is divided by i?
0
Suppose -n = -0 + 1. What is the remainder when 1 - (0 - n) - -22 is divided by 8?
6
Let s be (-8)/28 - 6934/(-14). Let x be s/35 + 2/(-14). Suppose -4*i = x - 46. What is the remainder when 23 is divided by i?
7
Suppose -2*i = 6, -2*f + i + 11 + 10 = 0. Calculate the remainder when 94/2 + (6 - 6) + 5 is divided by f.
7
What is the remainder when 91 is divided by (4/(-18) - 45/162)*-94?
44
Suppose 174 = 3*w - 2*n, 0 = w + 2*w + n - 165. Let a = 98 - w. Calculate the remainder when a is divided by 14.
0
Let i(y) be the third derivative of y**6/120 + y**5/30 - y**4/24 + 3*y**2. Let d be i(-2). What is the remainder when 55/d + 2/(-4) is divided by 15?
12
Let u = -534 - -592. What is the remainder when 1507 is divided by u?
57
Let u = -3 - 88. What is the remainder when 20 is divided by -2 - ((-2)/(-13) + 1197/u)?
9
Let j(m) be the third derivative of m**5/30 - 7*m**4/24 - 79*m**3/6 + m**2 + 2*m. Let h = 2 - -24. Calculate the remainder when j(10) is divided by h.
25
Let k be (-9)/(-3 - 0) - -66. Suppose -2*h + 0*h = 5*x - 290, 3*x - 4*h = 200. What is the remainder when x is divided by (k/3 - 0) + -2?
18
Let z(c) = -c**2 - 30*c - 4. Let n be z(-29). Suppose n = 17*s - 26. Calculate the remainder when 14 is divided by s.
2
Suppose -4*d = -3*l + 202, 3*l + d - 224 + 12 = 0. Let y = -5 - -29. What is the remainder when l is divided by y?
22
Suppose 2*i - 1 = 7. Suppose -i*v - 15 = 189. Let s = -24 - v. Calculate the remainder when s is divided by 7.
6
Suppose a - 2*x - 28 = 0, -2*x = -5*a - 43 + 151. Suppose -138*g + 152*g - 812 = 0. What is the remainder when g is divided by a?
18
Suppose 2 + 0 = -2*o. Calculate the remainder when o/(1 - 0)*-53 is divided by 5 - ((-333)/36 - 2/(-8)).
11
Let w = 19 - 16. Calculate the remainder when 0 + 5 - (1 + -1) is divided by ((-1)/(-2))/(w/24).
1
Let i = -33 - -40. Let n = -8 - -11. Suppose n*o = 7 - 1. Calculate the remainder when i is divided by o.
1
